a - v. What is the remainder when 190 is divided by a?
4
Suppose 320*m + 850 = 354*m. What is the remainder when 2797 is divided by m?
22
Let i = 20765 + -18135. What is the remainder when i is divided by 85?
80
Suppose -4*b = 2*q - 150, -4*b + 5*q + 63 = -108. Suppose b*f = 37*f + 42. What is the remainder when 98 is divided by f?
14
Suppose 15109*g - 30 = 15099*g. Let y be (-13 + (-3 - -2))/(-1). Suppose -g*n + 5*a = -y - 3, 2*n = -a + 33. Calculate the remainder when 68 is divided by n.
12
Suppose -5*w + 179 = 2*j, 12*w = 9*w - j + 107. Suppose 937 = 9*u - 602. Calculate the remainder when u is divided by w.
31
Let l = 3177 + -3162. What is the remainder when 7948 is divided by l?
13
Suppose r + 3 = 0, 1 + 19 = 2*x + 4*r. Suppose 29*k - 325 = x*k. What is the remainder when 447 is divided by k?
22
Suppose 20*b - 24*b + 577 = 3*j, b - 178 = 6*j. Calculate the remainder when b is divided by 132.
16
Suppose -3*j = -o - 0*o - 15, 5 = 5*o + 5*j. Let r(x) = -2*x**2 - 6*x + 3. Calculate the remainder when 22 is divided by r(o).
1
Let w(d) = d**3 - 8*d**2 - 4*d + 19. Let t be w(9). Suppose a + 4*p + 4 = 0, -3*a + p = 2*a - t. Calculate the remainder when 62 is divided by a*(-14)/24*-3.
20
What is the remainder when ((37341 + -2)*1 + 1)*(-28)/(-70) is divided by 11?
9
Let o = 8565 + -8524. What is the remainder when 11067 is divided by o?
38
Let m = -7564 - -7624. What is the remainder when 1616 is divided by m?
56
Let r(u) = -2*u**2 - 142*u + 1624. Calculate the remainder when ((-169)/(-3) - 1)*3 is divided by r(10).
2
Let x be 246/(-8)*(-4)/3. Let g = x + -53. Calculate the remainder when 8/24 + (-692)/g is divided by 15.
13
Let c = -2336 + 2489. What is the remainder when 194 is divided by c?
41
Let q(y) = 96*y - 546. Calculate the remainder when 1018 is divided by q(6).
28
Let x be 3/((-6)/264*-12). Suppose 319 = x*k - 726. Calculate the remainder when k is divided by 21.
11
Let v = 243 - 240. Suppose v*t = -30 + 387. Calculate the remainder when t is divided by 25.
19
Let z = 68 + -25. What is the remainder when z is divided by 66/(-4)*(-82)/123?
10
Let t(w) = 18*w**2 - 8*w + 3. Let f = 6790 + -6764. What is the remainder when t(5) is divided by f?
23
Let d(s) = -s**2 + 5*s + 5. Let y be d(6). What is the remainder when (-3)/9*y*198 is divided by 4?
2
Suppose -14*k - 37 = -121. Suppose k*a + 0*a - 42 = 0. Suppose 105 = -0*c + a*c. Calculate the remainder when c is divided by 9.
6
Suppose -18*d = 3*d - 294. Suppose -4*j - 100 = -d*j. Calculate the remainder when 37 is divided by j.
7
Let u(z) = z**3 - 193*z**2 + 2005*z - 378. What is the remainder when 43845 is divided by u(182)?
165
Let g(l) = 22569*l - 67656. Suppose -120 = -3*f - 0*f. Suppose 35 = 4*i - 2*a + 3, -2*a = 4*i - f. Calculate the remainder when g(3) is divided by i.
6
Suppose -4*m - 17*m + 3*m + 29232 = 0. Calculate the remainder when m is divided by 44.
40
Suppose -15*o = 70 - 265. What is the remainder when 162 is divided by o?
6
Let x be 1*-6*1/(-2). Suppose 15*j - 588 = x*j. Let a = -5 - -31. What is the remainder when j is divided by a?
23
Suppose 586*d + 62*d - 6040 = 6272. Suppose 0*h + 237 = 3*h. What is the remainder when h is divided by d?
3
Let b be (-2)/(-7) - (-4)/(-14) - -5. Let p(z) = z**2 - 5*z + 2. Let x be p(b). What is the remainder when 131 is divided by ((-1)/(x/33))/(3/(-6))?
32
Let g be -7*13 + -8 + 13. Let t = 177 + g. What is the remainder when t is divided by 8?
3
Suppose 0 = -4*w - 16 + 344. Calculate the remainder when 261 is divided by w.
15
Suppose -2959 + 1587 = -29*x + 2195. What is the remainder when x is divided by 7?
4
Let v = -6111 - -6144. Calculate the remainder when 67 is divided by v.
1
Let b(t) = -3*t + 82. Calculate the remainder when (4/(-12))/(-2 - 2614/(-1308)) is divided by b(19).
18
Suppose -18 = -2*z - 26*x + 30*x, -44 = -z - 3*x. What is the remainder when 203 is divided by z?
19
Let d(l) = -2*l + 16. Let p be d(7). Let f be (-1 - 63/(-6)) + (-1)/p. Suppose -8*x = -7 - f. What is the remainder when x is divided by 1?
0
Let x = -26445 - -26811. What is the remainder when x is divided by 123?
120
Let c = -76 + 94. Suppose -2*i = -272 - c. What is the remainder when i is divided by 30?
25
Suppose 14*x - 610 = 4*x. Let g = x - 51. What is the remainder when 1155/42 - 6/(-4) is divided by g?
9
Suppose 3*y = 2*h + 205, -3*h + 5*h + 67 = y. Suppose -4*z = -2*z + 3*l - y, -3*z - 4*l = -105. What is the remainder when 110 is divided by (-12)/(-10)*455/z?
12
What is the remainder when (2780/(-834))/(2*(-2)/432) is divided by 147?
66
Let j(o) = -94*o + 3990. Calculate the remainder when j(40) is divided by 15.
5
Suppose -7*u + 9 + 110 = 0. Suppose -79 + u = -j. Let h = 18 - -4. What is the remainder when j is divided by h?
18
Let r be (8/(-14))/((-4)/14). Suppose -5*n - 155 = 5*h, 0*n - r*n = h + 31. Let c = 0 - h. What is the remainder when 121 is divided by c?
28
Let z(l) = l**2 + 9*l + 14. Let r be z(-6). Let t = r + 35. Suppose 0 = -3*y, -4*g + 55 = 5*y + 7. Calculate the remainder when t is divided by g.
7
Suppose 0 = -3*q - 5*i + 10975, 3*q = 48*i - 44*i + 10903. Calculate the remainder when q is divided by 48.
45
Suppose -369*w = -334*w - 595. What is the remainder when 284 is divided by w?
12
Suppose 7*g - 12*g = k - 3323, 0 = -4*k + 12. What is the remainder when g is divided by 219?
7
Let s be (0 - (-1 - 2)) + 5. Suppose a - 21 = -g, 3*a = g - s - 1. Calculate the remainder when 189 is divided by g.
9
Suppose -5*h = -2*h - 21. What is the remainder when ((2295/(-18))/(-17))/(21/112) is divided by h?
5
Let z = 11650 + -702. What is the remainder when z is divided by 233?
230
Suppose -10*x + 91 = -9*x. Let b = x - 88. Suppose -b*u = -127 + 7. What is the remainder when u is divided by 12?
4
Suppose -271*g + 406224 = 101*g. What is the remainder when g is divided by 18?
12
Let k = -2336 + 2364. What is the remainder when 362 is divided by k?
26
What is the remainder when 135 is divided by (3*(-90)/27 - -222)/(0 - -2)?
29
Let s be (-86)/(2 + -4) + 2. Let n = 86 - s. Let c(m) = -m**2 - 8*m + 24. Calculate the remainder when n is divided by c(-9).
11
Let v be (-8 - 46/(-6))*-15. Suppose -3*m - 49*g + 42 = -53*g, 0 = v*m + 2*g - 70. What is the remainder when m is divided by 4?
2
Let p(h) = -4*h**2 - 112*h - 12. What is the remainder when p(-26) is divided by 34?
26
Let l = -126 + 128. Suppose 2*c - l*z = 82, -2*c + 108 - 30 = 2*z. What is the remainder when c is divided by 14?
12
Let w(c) = -c**2 - 33*c + 2046. What is the remainder when 1252 is divided by w(30)?
4
Let m(x) = 33*x**2 + 340*x + 73. What is the remainder when m(-14) is divided by 86?
61
Let z(k) = -3*k - 105. Let u be z(-32). Calculate the remainder when 137 is divided by u*(32/(-360))/(8/100).
7
Let x(j) = -607*j - 4833. What is the remainder when 7580 is divided by x(-8)?
13
Let j = -20 + 23. Suppose 5*s - 9*s = 20, j*r - 414 = 3*s. Calculate the remainder when r is divided by 15/(-1)*(-5 + 2).
43
Suppose m + o = -3*o - 13, 0 = -2*m + 5*o + 26. Calculate the remainder when (-5 + (94 - m))*1/2 is divided by 12.
7
Let m(f) = 2*f**2 + 10. Let s be -5*(8/(-2))/(5*1). Suppose -13 = s*x - 3*p, -2*x + 2 = -5*p - 9. Calculate the remainder when m(x) is divided by 22.
20
Let p(o) = 2*o - 5. Let b be (3 + 6)/3 + 4. Suppose 301*n - 3860 = 108*n. What is the remainder when n is divided by p(b)?
2
Let z = 287 + -213. Suppose 9 = -2*q + 5*w, 2*q - 4*w + 3 + 1 = 0. Suppose 2*b - 4*b + q = 0, -3*b + 87 = 5*p. Calculate the remainder when z is divided by p.
14
Suppose -156*t + 3 = -155*t + 5*l, -57 = -3*t - 3*l. What is the remainder when 680 is divided by t?
13
Let d = 154 + 245. Calculate the remainder when d is divided by (35*2850/4655)/(0 - 6/(-28)).
99
Suppose -4*c + 2*n = -2760, 2*n + 687 = -74*c + 75*c. What is the remainder when 708 is divided by c?
17
Let q = 685 - 678. Suppose 3 = -3*j, -k - 2*j + 161 = j. What is the remainder when k is divided by q?
3
Let x(l) = 20*l - 53. Let h be x(8). Suppose -f + i + 53 = -h, 5*f - 818 = -i. What is the remainder when f is divided by 49?
16
Let a be (96 + 1)/((-18)/(-162)). Suppose 0 = -v - v + 10. Suppose -4*o - 5*s = -a, v*o + s = -0*o + 1107. What is the remainder when o is divided by 56?
54
Suppose -8561 = -16*f - 7905. What is the